c). Calculate the greatest common divisor of k and 8.
8
Let o = 9 + 11. Suppose 0 = -5*d + 7*d + 4*h - 30, -32 = -2*d - 5*h. Suppose 104 = 2*r + d*r. What is the highest common factor of o and r?
4
Let j(s) = -450*s + 12. Let y be j(-2). Suppose 6*k = -10*k + y. What is the highest common divisor of 3 and k?
3
Let j(y) = 4*y - 9. Let p be j(-4). Let a = p - -32. Calculate the highest common factor of 2 and a.
1
Suppose b + 3*b - 20 = 0. Let t be (6/(-8))/((-1)/(-4)). Let r be 50/(-15)*t/2. Calculate the greatest common divisor of b and r.
5
Suppose -5*b + 36 = -b. Suppose -s + 19 = -9. Let y be (-1 + s/(-8))*-16. What is the highest common factor of y and b?
9
Let y = 1290 - 593. Calculate the greatest common factor of 17 and y.
17
Suppose -2*m = -z - 2*z - 13, -5*z + 15 = 4*m. Suppose -2*x - 3*j + 6*j + 77 = 0, -m*x + 5*j = -185. Calculate the highest common divisor of x and 51.
17
Let r(v) = 5*v**2 + 15*v + 1. Let d be r(-5). Let f = 54 - d. Calculate the highest common factor of 12 and f.
3
Let y be 2/(-18) - (-114)/54. Let w be (-21)/y*3/(18/(-44)). What is the greatest common divisor of w and 11?
11
Let k = 612 + -504. Calculate the greatest common divisor of k and 72.
36
Let d be (-770)/20 + (-2)/4. Let t = -33 - d. Calculate the greatest common divisor of t and 12.
6
Suppose 5*s - 3 = -3*f - 114, 102 = -3*f - 2*s. Let q be (-1)/4 - 776/f. Let k = 35 - q. What is the highest common factor of k and 11?
11
Suppose -5*s - 760 = -4*k, 3*k + 2*s + 123 = 716. What is the highest common factor of k and 455?
65
Suppose 20 - 8 = -3*i. Let l be -2 - -13 - i/(-2). Let q be (-75)/(-10)*54/5. Calculate the highest common factor of q and l.
9
Let s(r) = 13 + 7*r + 0*r + 6*r. Let y be s(7). Suppose -48 = -5*o - 5*a + 37, 4*o - 5*a - 32 = 0. Calculate the highest common divisor of y and o.
13
Let i(y) = y**3 + 7*y**2 + 8*y + 5. Let j be i(-3). Suppose c = 3, 3*u + 0*c + 4*c - 573 = 0. What is the highest common divisor of u and j?
17
Let s = 27 - 12. Let z = 65 - 64. Let j be (131 - (z + -1)) + 4. What is the highest common factor of j and s?
15
Let n(j) = 31*j - 32*j - 6*j**3 + 0*j**3. Let u be n(-2). Calculate the highest common factor of 25 and u.
25
Let p(a) = 181*a**2 - 13*a + 12. Let n be p(1). Suppose -2 = v + 4. Let l be 6*(-1 + (-26)/v). What is the highest common factor of n and l?
20
Let u be (-10*1)/2 - (-11 - 4). What is the highest common factor of u and 230?
10
Suppose 0 = 2*m - 19 - 23. Suppose i = -4*h - m, 0*i - 19 = -i + 4*h. Let j be 1/(i + (-78)/(-76)). What is the greatest common divisor of 57 and j?
19
Suppose 0 = -44*d - 7082 + 31282. Calculate the highest common factor of 22 and d.
22
Suppose 0 = -903*v + 899*v + 108. Suppose -3*b = -4*b + 81. What is the highest common divisor of v and b?
27
Suppose 5*c = -10, 4*c - 3 + 2 = -3*x. Suppose -4*p + 4*y = -116, 0 = 4*y + y + 10. What is the highest common factor of p and x?
3
Let f = -19 - -18. Let q be (-15)/(-9)*(-3)/f. Let g(c) = -c**3 + 5*c**2 + 7. Let z be g(q). Calculate the greatest common factor of 42 and z.
7
Let l(j) = j**2 + 16*j - 17. Let y(f) = -f**3 + 7*f**2 - 2*f - 5. Let d be y(7). Let q be l(d). Calculate the greatest common divisor of 60 and q.
20
Let m = -23 + 27. Let y = 6 + m. Suppose 0 = 3*r - y - 35. Calculate the highest common factor of r and 5.
5
Let k(a) be the first derivative of a**2/2 - 13*a + 5. Let z be k(-12). Let n = z - -69. Calculate the greatest common divisor of n and 11.
11
Suppose 0 = -i - 4*i - j + 124, -20 = -i + j. Calculate the greatest common divisor of 648 and i.
24
Suppose 0 = -4*t + 3*s + 30, 3*t - 83*s + 80*s - 24 = 0. Calculate the greatest common divisor of t and 5.
1
Let y = 4 + -7. Let t be (y + (-5 - 0))/(-2). Let s be (t/5)/(6/135). Calculate the greatest common divisor of s and 72.
18
Suppose -59*a + 5251 = 59. Calculate the greatest common factor of 2156 and a.
44
Let z(c) = c**3 + 25*c**2 + 41*c + 11. Let o be z(-23). Calculate the highest common factor of 70 and o.
14
Let k be 182/16 + 18/(-48). Let i be 3 + 794/11 + (-2)/k. What is the greatest common divisor of i and 50?
25
Suppose 2*k - 4*l - 12 = 0, 0*k = -4*k + 3*l + 24. Let u be 2/((-6 - -3) + 2). Let c be -6 + 6 - 84/u. What is the greatest common divisor of k and c?
6
Suppose 20*w = -89 + 409. What is the highest common factor of 56 and w?
8
Suppose -360 = -17*h + 12*h. Let u = -63 + h. What is the greatest common factor of u and 54?
9
Let t be (27/(-12))/((-3)/80). Let m be ((-2)/(-3))/(6/9). Suppose 2*w - 11 - m = 3*n, 3*n = 0. Calculate the greatest common factor of t and w.
6
Suppose 2*v = -13*v + 105. What is the highest common divisor of 119 and v?
7
Let k = 509 - 227. What is the greatest common factor of 6 and k?
6
Let f(n) = n**3 - 16*n**2 + 15*n + 2. Let z be f(15). Suppose -6 = 4*d - z*j - 38, -3*j + 22 = d. Calculate the greatest common divisor of d and 40.
10
Let i(v) = v + 8. Let y be i(0). Suppose -89*s + 99*s = 40. What is the highest common divisor of y and s?
4
Let s(m) = 5*m**2 - 111*m + 55. Let k be s(23). What is the highest common divisor of k and 49?
49
Let g(c) = 2*c**2 + 7*c - 33. Let v be g(-14). Calculate the highest common factor of v and 29.
29
Let f(o) = -o**3 - 7*o**2 + 51. Let j be f(-7). What is the highest common factor of j and 85?
17
Let s = -559 - -1063. What is the highest common factor of s and 144?
72
Let z(b) = b**3 + 6*b**2 - 8. Let y be z(-3). Let l be ((-1)/2)/(-1)*12. Let h be (-187)/(-5) + l/10. Calculate the highest common factor of h and y.
19
Let t(l) = 7*l - 25. Let r be t(4). Let a be (174/(-8))/(r/(-2))*2. What is the highest common factor of a and 29?
29
Let r = 5 + -3. Suppose -7 = -r*i - d, -23 = -5*i - 0*d + 3*d. Suppose -5*l + 103 = -i*n, 6*l - 4*n - 84 = 2*l. What is the highest common divisor of 19 and l?
19
Suppose -5*k + 24 = -4*p + 3*p, 2*k = -p - 3. Let l(b) = b**3 + 9*b**2 - b - 8. Let f be l(p). What is the greatest common factor of f and 4?
1
Suppose 153 = 5*u - 2*u. Let b be (-2)/23 - (-25088)/736. What is the highest common divisor of u and b?
17
Let s be (10/25)/(722/360 - 2). What is the greatest common factor of 27 and s?
9
Suppose 5*t = 4*u - 31, -5*u - 3*t = -80 - 5. Calculate the greatest common factor of 182 and u.
14
Suppose -64*n - 168 = -66*n. Calculate the highest common factor of n and 18.
6
Suppose 0 = -34*h - 328 + 940. Calculate the greatest common divisor of h and 14.
2
Let l be ((-656)/24)/(2 + (-32)/12). What is the greatest common divisor of l and 328?
41
Let q(g) = g**3 - 3*g**2 - 4*g + 3. Let f be q(4). Let x be (8 + -5)/(f/16). Let v = 123 - 121. Calculate the greatest common divisor of x and v.
2
Let l = -150 + 254. Let v = -145 + 147. Suppose -m = v - 15. What is the highest common divisor of m and l?
13
Let n(f) = -f**3 - 6*f**2. Let m be n(-6). Let d(z) = z**3 + z + 12. Let v be d(m). Let k = 15026 + -15020. Calculate the highest common factor of k and v.
6
Let t be (-24)/2*((-102)/24 + 4). Let r be (-4 + t)*(0/(-1) - 4). Calculate the highest common factor of r and 16.
4
Suppose -3*z - 48 = -48. Let y = z + 60. Calculate the highest common factor of 12 and y.
12
Suppose -3*z = -7*n + 3*n + 90, 0 = 4*z - 8. Calculate the greatest common divisor of 276 and n.
12
Suppose h + 8 = -h, -3*h - 17 = g. Let r = 28 + g. Suppose m - 32 + 9 = 0. Calculate the greatest common divisor of m and r.
23
Let h = -39 + 27. Let w = -5 - h. Suppose t - w = 4. Calculate the greatest common factor of 77 and t.
11
Let j(t) = -2*t**3 - 3*t**2 - 1. Let c be j(-2). Let y be (0 - -3) + 300/10. Calculate the greatest common factor of c and y.
3
Suppose -2*f + 3*g + 10 = -12, f = -4*g. Let z = -471 + 328. Let p = -71 - z. What is the highest common factor of p and f?
8
Let c = -179 + 227. Calculate the highest common divisor of c and 32.
16
Let m be 224*((-49)/(-21) + 2/(-6)). Calculate the greatest common factor of m and 14.
14
Suppose -11*x - 925 - 758 = 0. Let z = x + 351. Calculate the highest common divisor of 18 and z.
18
Let h be 15/10*152/6. Suppose 2*k - h = -10. Let t = 30 - k. Calculate the greatest common factor of 176 and t.
16
Let o(a) = a**3 + 5*a**2 - 4*a + 17. Suppose -2*d - 5*i = 37, -7*d - 5*i - 49 = -3*d. Let z be o(d). Calculate the highest common factor of z and 65.
5
Let y be 